{"id":28,"date":"2021-04-16T12:29:11","date_gmt":"2021-04-16T12:29:11","guid":{"rendered":"http:\/\/www.koucink-pardubice.cz\/?page_id=28"},"modified":"2021-04-27T15:16:38","modified_gmt":"2021-04-27T15:16:38","slug":"hlavni","status":"publish","type":"page","link":"https:\/\/www.koucink-pardubice.cz\/","title":{"rendered":"Co je  kou\u010dink"},"content":{"rendered":"\n<p>Kou\u010dink je metoda osobn\u00edho rozvoje, kter\u00e1 V\u00e1m pom\u016f\u017ee:<\/p>\n\n\n\n<ul><li>Zv\u00fd\u0161it sebed\u016fv\u011bru<\/li><li>Zjistit, co v \u017eivot\u011b p\u0159esn\u011b chcete <\/li><li>Pod\u00edvat se na Va\u0161i situaci z v\u00edce pohled\u016f<\/li><li>Naj\u00edt v sob\u011b nejlep\u0161\u00ed \u0159e\u0161en\u00ed situace<\/li><li>Zlep\u0161it komunikaci ve vztahu<\/li><li>B\u00fdt v \u017eivot\u011b spokojen\u00fd<\/li><\/ul>\n\n\n\n<figure class=\"wp-block-gallery alignwide columns-0 is-cropped\"><ul class=\"blocks-gallery-grid\"><\/ul><\/figure>\n","protected":false},"excerpt":{"rendered":"<p>Kou\u010dink je metoda osobn\u00edho rozvoje, kter\u00e1 V\u00e1m pom\u016f\u017ee: Zv\u00fd\u0161it sebed\u016fv\u011bru Zjistit, co v \u017eivot\u011b p\u0159esn\u011b chcete Pod\u00edvat se na Va\u0161i situaci z v\u00edce pohled\u016f Naj\u00edt v sob\u011b nejlep\u0161\u00ed \u0159e\u0161en\u00ed situace Zlep\u0161it komunikaci ve vztahu B\u00fdt v \u017eivot\u011b spokojen\u00fd<\/p>\n","protected":false},"author":1,"featured_media":0,"parent":0,"menu_order":0,"comment_status":"closed","ping_status":"closed","template":"","meta":[],"_links":{"self":[{"href":"https:\/\/www.koucink-pardubice.cz\/index.php\/wp-json\/wp\/v2\/pages\/28"}],"collection":[{"href":"https:\/\/www.koucink-pardubice.cz\/index.php\/wp-json\/wp\/v2\/pages"}],"about":[{"href":"https:\/\/www.koucink-pardubice.cz\/index.php\/wp-json\/wp\/v2\/types\/page"}],"author":[{"embeddable":true,"href":"https:\/\/www.koucink-pardubice.cz\/index.php\/wp-json\/wp\/v2\/users\/1"}],"replies":[{"embeddable":true,"href":"https:\/\/www.koucink-pardubice.cz\/index.php\/wp-json\/wp\/v2\/comments?post=28"}],"version-history":[{"count":9,"href":"https:\/\/www.koucink-pardubice.cz\/index.php\/wp-json\/wp\/v2\/pages\/28\/revisions"}],"predecessor-version":[{"id":104,"href":"https:\/\/www.koucink-pardubice.cz\/index.php\/wp-json\/wp\/v2\/pages\/28\/revisions\/104"}],"wp:attachment":[{"href":"https:\/\/www.koucink-pardubice.cz\/index.php\/wp-json\/wp\/v2\/media?parent=28"}],"curies":[{"name":"wp","href":"https:\/\/api.w.org\/{rel}","templated":true}]}}